f 216799862?
2, 108399931
What are the prime factors of 1311480793?
7, 17, 11020847
What are the prime factors of 9124088?
2, 163, 6997
What are the prime factors of 6486930409?
137, 47349857
List the prime factors of 8986002.
2, 3, 1497667
List the prime factors of 3773320968.
2, 3, 379, 414833
What are the prime factors of 55312272?
2, 3, 384113
List the prime factors of 196665332.
2, 199, 247067
What are the prime factors of 25457996?
2, 113, 151, 373
List the prime factors of 4438195.
5, 23, 38593
What are the prime factors of 431032242?
2, 3, 71838707
What are the prime factors of 177606862?
2, 88803431
What are the prime factors of 4190037947?
19, 220528313
What are the prime factors of 61421073?
3, 7, 37, 137, 577
List the prime factors of 619359160.
2, 5, 7, 2211997
List the prime factors of 16784571.
3, 103, 54319
What are the prime factors of 12194721?
3, 7, 11, 17597
What are the prime factors of 2395443421?
7, 97, 3527899
List the prime factors of 218209962.
2, 3, 257, 141511
List the prime factors of 1028174976.
2, 3, 892513
List the prime factors of 152610661.
7, 73, 298651
What are the prime factors of 52545383?
11, 4776853
List the prime factors of 211847624.
2, 26480953
List the prime factors of 612894393.
3, 103, 557, 1187
What are the prime factors of 55064549?
55064549
What are the prime factors of 20280167?
17, 1192951
List the prime factors of 5217850952.
2, 2437, 267637
What are the prime factors of 1629333069?
3, 7, 13, 5968253
What are the prime factors of 1530597513?
3, 43, 67, 177091
What are the prime factors of 145777190?
2, 5, 13, 31, 61, 593
What are the prime factors of 58156574?
2, 7, 4154041
List the prime factors of 200204161.
47, 53, 179, 449
List the prime factors of 663256736.
2, 20726773
What are the prime factors of 148704958?
2, 83, 895813
List the prime factors of 55564115.
5, 11112823
What are the prime factors of 807105?
3, 5, 13, 4139
List the prime factors of 42103657.
42103657
List the prime factors of 828891449.
20983, 39503
What are the prime factors of 590796126?
2, 3, 127, 277, 311
What are the prime factors of 1471617147?
3, 7, 11, 13, 73, 137
What are the prime factors of 705297333?
3, 13, 1391119
What are the prime factors of 263675282?
2, 13, 10141357
What are the prime factors of 52665860?
2, 5, 13, 23, 8807
What are the prime factors of 574548891?
3, 7, 27359471
What are the prime factors of 921930995?
5, 17, 601, 18047
List the prime factors of 493592846.
2, 61, 4045843
List the prime factors of 28944840.
2, 3, 5, 241207
What are the prime factors of 1229175223?
23, 499, 107099
What are the prime factors of 276284894?
2, 47, 101, 29101
What are the prime factors of 254047791?
3, 229, 369793
List the prime factors of 6730449.
3, 11, 203953
List the prime factors of 153901268.
2, 3389, 11353
What are the prime factors of 3223635886?
2, 23, 2459, 28499
List the prime factors of 1258592289.
3, 419530763
List the prime factors of 51874981.
47, 1103723
What are the prime factors of 174686051?
829, 210719
What are the prime factors of 54260943?
3, 11, 29, 31, 59
What are the prime factors of 69142200?
2, 3, 5, 115237
What are the prime factors of 1040647963?
1040647963
List the prime factors of 15758780.
2, 5, 787939
What are the prime factors of 278020066?
2, 61, 227, 10039
What are the prime factors of 32572283?
1607, 20269
What are the prime factors of 1059440619?
3, 61, 2341, 2473
What are the prime factors of 59845491?
3, 17, 599, 653
List the prime factors of 2676692926.
2, 16631, 80473
What are the prime factors of 121243048?
2, 17, 891493
What are the prime factors of 26342049?
3, 41, 214163
What are the prime factors of 1169382762?
2, 3, 64965709
What are the prime factors of 115861089?
3, 38620363
What are the prime factors of 638487899?
7, 211, 432287
What are the prime factors of 92418816?
2, 3, 7, 17191
List the prime factors of 2924690792.
2, 12959, 28211
List the prime factors of 1225677664.
2, 38302427
List the prime factors of 781371215.
5, 29, 5388767
List the prime factors of 1027627150.
2, 5, 11, 83, 22511
What are the prime factors of 4490986436?
2, 1122746609
List the prime factors of 2341929469.
11, 17, 463, 2459
List the prime factors of 46434513.
3, 15478171
List the prime factors of 86917544.
2, 7, 607, 2557
What are the prime factors of 274406329?
274406329
List the prime factors of 609505583.
1571, 387973
What are the prime factors of 71280934?
2, 1931, 18457
What are the prime factors of 2429204911?
7, 479, 724487
List the prime factors of 68841947.
233, 295459
List the prime factors of 83333125.
5, 151, 883
What are the prime factors of 587779612?
2, 7, 20992129
What are the prime factors of 95887185?
3, 5, 31, 206209
What are the prime factors of 1281848763?
3, 13, 83, 461, 859
List the prime factors of 6861638.
2, 7, 490117
What are the prime factors of 1439036478?
2, 3, 11, 19, 382519
What are the prime factors of 4762837283?
17, 41, 197, 34687
What are the prime factors of 106722067?
1021, 104527
What are the prime factors of 337041837?
3, 11, 1134821
List the prime factors of 6104652833.
6104652833
List the prime factors of 1176930921.
3, 499, 863, 911
List the prime factors of 47320892.
2, 11830223
List the prime factors of 75920550.
2, 3, 5, 29, 31, 563
List the prime factors of 1391163319.
7, 13, 15287509
List the prime factors of 210575566.
2, 17, 6193399
What are the prime factors of 95266808?
2, 7, 13, 107, 1223
What are the prime factors of 28134225?
3, 5, 7, 17863
List the prime factors of 1276900868.
2, 319225217
What are the prime factors of 19570096?
2, 7, 13, 13441
What are the prime factors of 1343758?
2, 13, 51683
List the prime factors of 565996273.
631, 896983
What are the prime factors of 2198406751?
113, 19454927
What are the prime factors of 707784610?
2, 5, 13, 5444497
What are the prime factors of 26377058?
2, 47, 280607
What are the prime factors of 341039992?
2, 17, 2507647
What are the prime factors of 398593868?
2, 79, 1261373
What are the prime factors of 13794506?
2, 11, 79, 7937
List the prime factors of 22939835.
5, 4587967
What are the prime factors of 62335146?
2, 3, 10389191
What are the prime factors of 1904910814?
2, 109, 8738123
What are the prime factors of 87603543?
3, 223, 43649
What are the prime factors of 2353941626?
2, 1176970813
What are the prime factors of 2115114568?
2, 7, 17, 307, 7237
List the prime factors of 7775655552.
2, 3, 7, 139, 991
List the prime factors of 3934687361.
11, 357698851
What are the prime factors of 8188748670?
2, 3, 5, 272958289
What are the prime factors of 1000987180?
2, 5, 50049359
List the prime factors of 453798145.
5, 6529, 13901
What are the prime factors of 4201310109?
3, 157, 8919979
What are the prime factors of 366303140?
2, 5, 7, 53, 49367
What are the prime factors of 550838056?
2, 6661, 10337
List the prime factors of 1183242.
2, 3, 197207
What are the prime factors of 901098274?
2, 127, 3547631
What are the prime factors of 1774821?
3, 251, 2357
What are the prime factors of 735718219?
735718219
What are the prime factors of 100537804?
2, 829, 30319
What are the prime factors of 4770306418?
2, 3167, 753127
What are the prime factors of 1681649488?
2, 105103093
What are the prime factors of 835186216?
2, 359, 290803
What are the prime factors of 2231147641?
5897, 378353
What are the prime factors of 179761030?
2, 5, 17976103
What are the prime factors of 791141196?
2, 3, 65928433
List the prime factors of 251907453.
3, 7, 19, 389, 541
What are the prime factors of 98850458?
2, 7, 23, 37, 8297
List the prime factors of 35829905.
5, 7165981
What are the prime factors of 64800035?
5, 751, 17257
What are the prime factors of 550124882?
2, 275062441
What are the prime factors of 491478295?
5, 7, 11, 47, 157, 173
List the prime factors of 1241348379.
3, 3361, 123113
List the prime factors of 135966997.
641, 212117
What are the prime factors of 5012377932?
2, 3, 417698161
List the prime factors of 3279049.
47, 69767
What are the prime factors of 3209525032?
2, 7, 57312947
List the prime factors of 4544313762.
2, 3, 757385627
What are the prime factors of 690163774?
2, 53, 773, 8423
What are the prime factors of 332422619?
332422619
List the prime factors of 4734957707.
47, 10074